its digit of y?
3
Let s be (5 - -2) + (0 - -4). Suppose 6*p - 5*p = s. What is the units digit of p?
1
Suppose 167*a = 181*a - 33222. What is the thousands digit of a?
2
Let u = 31 - 32. What is the tens digit of (-4 + u - 304)/(6/(-4))?
0
Suppose -10*h - 3*h = -1586. What is the hundreds digit of h?
1
Let p(v) = v. Let i(y) = -3*y - 10. Let n = -19 - -18. Let d(z) = n*i(z) - 2*p(z). What is the units digit of d(-3)?
7
Let x be (9 + 1)*(14 + -7)/14. Suppose -c + 1080 = x*o, -1080 = -4*o - o + 2*c. What is the units digit of o?
6
Suppose 4*s - 9*s + 5 = 0. Let j(f) = f**2 + 6*f + 2. Let l be j(-6). What is the units digit of s/(l/(7*10))?
5
Suppose l + 10 = 6, -q + 378 = -5*l. What is the units digit of q?
8
Let j(b) = 2*b**2 - 7*b. Let t be j(4). Suppose t*p = 2*z - z - 62, -3*z - 2*p = -130. What is the units digit of z?
6
Let l(i) = -i**3 - 5*i**2 - 8*i - 6. Let f be l(-5). Let k = f - 12. What is the tens digit of k?
2
Let p(u) = 57*u**2 - 6*u + 10. Let r be p(2). Suppose v = 3*v - r. What is the units digit of v?
3
Let h = 751 - -232. What is the hundreds digit of h?
9
Let u = 106 + -30. What is the tens digit of u?
7
Let z(s) = s**3 - 4*s**2 + s. Suppose -u + 3 = -2. What is the tens digit of z(u)?
3
Suppose -1 - 17 = 3*u. Let m = -9 + u. Let t(x) = x**2 + 12*x + 8. What is the tens digit of t(m)?
5
Suppose -4*x + 2*x - 213 = -5*b, 0 = -4*x + 2*b - 450. Let g = x - -169. What is the tens digit of g?
5
Let a be ((-22)/12)/11 - 235/(-6). Suppose 42*q - a*q - 270 = 0. What is the units digit of q?
0
Let j(v) = -14*v - 2. Let r be j(7). Let a be ((-6)/5)/(5/r). Let y = a - 5. What is the tens digit of y?
1
Let n(j) = -3*j**3 - 2*j**2 + 7*j + 20. What is the units digit of n(-3)?
2
Let h(t) = t**3 - 7*t**2 - 8*t - 10. Let c be h(8). Let z(n) = -n**2 - 10*n + 5. Let x be z(c). Let r = x - -3. What is the units digit of r?
8
Suppose 4*w - i - 12250 = 0, -2*w - 2*i - 110 = -6230. What is the units digit of w?
2
Suppose -4 = -q, 2*q - 54 = 5*f + q. Let i be 2/f - 88/(-40). Suppose -2*c = i*c - 88. What is the tens digit of c?
2
Let m(x) = -x**3 + 5*x**2 - 3*x. Let w be m(4). Suppose -u - o = -2*o - w, -u = 4*o - 19. Let s = 25 + u. What is the units digit of s?
2
Let g(l) = -2*l - 3. Let p be g(7). Let v = 2 + p. Let d = v - -21. What is the units digit of d?
6
Let t be (16/(-4))/4*-43. Suppose -t + 7 = -2*w. Suppose 4*d = -v + 116, 0 = d - 5*v - w - 32. What is the units digit of d?
0
Suppose -4*w = -0*w - 4, -3*w - 61 = -i. Let q = i - 46. What is the tens digit of q?
1
Let x(u) = -2*u + 11. Let r be x(0). Let q = r + 44. What is the units digit of q?
5
Let f = 6 + -5. Let b be (f - -19) + 0/2. Let u = b - -8. What is the tens digit of u?
2
Suppose 3915 = 4*v - 2025. What is the thousands digit of v?
1
Let c = 471 + -66. What is the hundreds digit of c?
4
Suppose 7*g - 12*g + 175 = 0. What is the units digit of g?
5
Let u = 15482 - 10851. What is the thousands digit of u?
4
Let u = -23 + 25. What is the units digit of 86/u + 0 - -3?
6
What is the tens digit of 498/(1 - 2/8)?
6
Suppose -3*a + 2*a = 4*b - 13, -5 = 5*b - 3*a. Suppose u = -2*y - u - 6, b*y - 5*u = -6. Let v = 6 + y. What is the units digit of v?
3
Suppose -4*u + 2*p - 46 = 0, 4*p = -u + 2*u - 6. Let f = u + 17. What is the units digit of f/(-2)*(-126)/27?
7
Let p(z) = 1651*z - 316. What is the units digit of p(2)?
6
Let f(p) = -13*p + 1. Let o be f(-1). Let n = o + -6. What is the tens digit of (-1 + 0 + 3)*n?
1
Let g(f) = 3*f**2 - 5*f + 6. Let w be g(3). Let r = w - -1. Let n = r - -9. What is the units digit of n?
8
Let x(d) = 43*d**2 - 9*d - 12. What is the hundreds digit of x(4)?
6
Suppose 8 = 2*l, 5*k - 12 = 2*l - 0*l. Suppose -2*i - 2*a + 300 = 0, 2*i - 497 + 197 = k*a. What is the units digit of i?
0
Suppose 2*g + 2*g = -60. Let j be ((-74)/(-6))/((-5)/g). Suppose -4*c - 5 = -j. What is the units digit of c?
8
Let b = -1586 - -3141. What is the tens digit of b?
5
Let q = 9 - 16. Let w = 9 + q. What is the units digit of w?
2
Let h be (6/5)/((-6)/(-15)). Suppose -h*u - 3 = 9. What is the tens digit of (-20)/2*6/u?
1
Suppose 104*d - 39696 = 1072. What is the tens digit of d?
9
Let y(r) = r**3 + 12*r**2 - 10*r - 14. What is the hundreds digit of y(-7)?
3
Suppose 2*p - 277 = 3*b + 21, -3*p - 4*b = -481. Suppose -4*v + 9 = -p. What is the tens digit of v?
4
What is the tens digit of (-2)/26 - (-15410)/65?
3
Suppose -2*m = a - 348, -886 = -5*a + m + 898. What is the hundreds digit of a?
3
Let u(w) be the second derivative of -10*w**3 - 3*w**2/2 - w. What is the units digit of u(-1)?
7
Let g = 0 - 0. Suppose g = d - 5*f - 29 - 60, -3*d = 4*f - 172. What is the tens digit of d?
6
Let t(d) = 296*d - 30. What is the hundreds digit of t(3)?
8
Suppose 0 = -2*n - c - 4*c - 346, n + c + 173 = 0. Let h = -93 - n. What is the tens digit of h?
8
Let j = 15 + -3. What is the tens digit of (-414)/j*4/(-3)?
4
Suppose 2*q - k = -1, 9 - 5 = 4*q + 4*k. Suppose 5*d - 1370 = -5*x, -1114 = -4*d - q*x + 5*x. What is the units digit of d?
6
Let h be 17/4 - (-18)/24. Suppose 2*p - 4*p + h*r + 76 = 0, 2*p - 76 = 3*r. What is the tens digit of p?
3
Let b(v) = 2*v**3 - 10*v**2 + 11*v. Let d be b(6). Let s = d - 54. What is the units digit of s?
4
Let s = -788 + 1760. What is the hundreds digit of s?
9
Suppose 4*a + 2896 = 5*z - 779, 2*a - 10 = 0. What is the hundreds digit of z?
7
Suppose 7*r = -86 - 236. What is the units digit of (r/4)/(3/(-18))?
9
Let n be 3 + -2 - (2 - -4). Let y = -5 - n. Suppose y = -2*h - 9 + 43. What is the units digit of h?
7
Suppose 4 = 76*b - 80*b. What is the tens digit of b - (-57 + -1 + 5)?
5
Suppose i - g + 2*g - 279 = 0, 4*i - 1096 = g. What is the units digit of i?
5
Suppose 21*f = -7*f + 28308. What is the units digit of f?
1
Suppose 2*a - 74 = 54. Suppose 5*w - 3*u - a = 0, -71 + 13 = -4*w - u. What is the tens digit of w?
1
Let c(i) = 56*i + 23. Let y be c(9). Suppose -150 = -p - 5*k + 29, 5*k = -3*p + y. What is the units digit of p?
4
Suppose 0 = -2*m - 3*m + 15. Suppose 4*j = -c + m*c - 50, 0 = 3*c + 5*j - 64. What is the tens digit of c?
2
Let l(k) = -7*k**3 + 21*k**2 - 53*k + 2. Let d(h) = -11*h**3 + 32*h**2 - 80*h + 3. Let u(r) = 5*d(r) - 8*l(r). What is the units digit of u(7)?
8
Let a(r) be the second derivative of r**5/4 + r**4/6 - r**2 + 23*r. What is the tens digit of a(2)?
4
Let i(f) be the first derivative of -3*f**2/2 + 7*f - 39. Let l be 6*(-4*1 - -3). What is the units digit of i(l)?
5
Let n = 608 + -559. Let c(s) = -s + 5. Let i be c(4). What is the tens digit of (n/(2 - 1))/i?
4
Suppose -59*s = -55*s - 10872. What is the hundreds digit of s?
7
Suppose -106004 - 87860 = -88*d. What is the hundreds digit of d?
2
Let g(a) = -a**3 + 13*a**2 - 12*a - 12. Let c be g(12). What is the tens digit of 47/((c/(-3))/4)?
4
What is the units digit of 722 + -1 - (0/(-3) - -4)?
7
Suppose 3*r = 2*r. Suppose 0 = -r*q - 2*q + 4. Suppose 100 - 40 = q*d. What is the tens digit of d?
3
Let h(j) be the second derivative of 17*j**4/6 - j**3/2 + j**2 + 39*j. What is the tens digit of h(2)?
3
Let z = 300 - 17. What is the hundreds digit of z?
2
Suppose 4*d - i - 12297 = 0, -2*d + 12*i = 8*i - 6166. What is the tens digit of d?
7
Suppose 0 = 5*w + 166 + 254. Let n = w + 174. What is the units digit of n?
0
Suppose 0 = -c + 5*t + 268, 4*c - 1072 = -t - 4*t. What is the hundreds digit of c?
2
Let d(b) = -b**2 + 14*b + 40. Let z be d(14). What is the units digit of (-260 + (-4)/(-2))/(z/(-20))?
9
Let c be (-2)/3 + 369/27. Suppose p - 7 = c. Suppose 3*b = -5*s + 5 + 6, 4*b - p = -4*s. What is the units digit of b?
7
Let q = 482 + 179. What is the units digit of q?
1
Let h = 478 + -422. What is the units digit of h?
6
Let u be ((-2)/3)/(10/(-4860)). Suppose -q - u = -7*q. What is the units digit of q?
4
Suppose 4289 = 7*z - 1563. What is the tens digit of z?
3
Let a(q) = 22*q - 34. Let o be a(11). Let w = -97 + o. What is the tens digit of w?
1
Let y = -44 - -46. What is the tens digit of y/(2/64*10/25)?
6
Let a(t) = t**3 - 6*t. Let k(n) = 4*n**3 - 2*n**2 + 1. Let z be k(1). Let m be a(z). What is the units digit of 4 + -33*(-6)/m?
6
Let l(m) = -2*m**2 - 9*m**2 - 5*m + 22 + 12*m**2 - m. What is the hundreds digit of l(15)?
1
Suppose 0 = -5*v - 3*i + 1358 + 723, -3*i = -5*v + 2099.